 -31*v + 68. Let n(o) = -3*c(o) + 7*y(o). Give n(5).
-19
Let s(w) = -1 - 38 + 4*w + 6 + 0*w. Give s(8).
-1
Let f(y) = y. Let k be -34*(9 - (-90)/(-9)). Let d be 1/2 + 60/8. Suppose -k = d*u - 2. Give f(u).
-4
Let u(j) be the first derivative of j**4/4 - j**3 - j**2/2 + 3*j - 7. Let x be u(3). Suppose -54*g + 47*g - 63 = x. Let n(h) = -h - 2. Determine n(g).
7
Let k(h) = 184. Let j(i) = -i - 202. Let d(t) = -6*j(t) - 7*k(t). Determine d(-9).
-130
Suppose 0 = 3*x - 12 + 6. Let o(p) = -3*p**2 - 3 + 13*p + 9*p**x - 15*p. Calculate o(-1).
5
Let x(u) = 18*u. Let p(d) = -152*d + 125. Let w(n) = -p(n) - 6*x(n). Calculate w(3).
7
Suppose 5*n + 4*u - 23 = 0, -3*n - 2*u = -8*n + 71. Let l(j) = -j**2 + 7*j + 1. Determine l(n).
-43
Suppose 0 = -4*a + 12 + 8, -2*s = -4*a + 6. Suppose 16 = m - s. Let g(y) = 2 + 0 + 27*y + m*y - 44*y. Calculate g(2).
14
Let k(j) = 12*j**2 + j. Let b = 664 + -625. Suppose 0 = 40*q - b*q + 5*w + 21, -4*w = -3*q + 13. Calculate k(q).
11
Let r(d) = 67*d + 3. Suppose 62 = 71*i - 9. Give r(i).
70
Suppose -50 = -5*l - 5*b, 7*l - 9*l = -2*b - 16. Let v(r) = 2*r**2 + r - 5 + l*r**2 - 12*r**2. Let j be (-4)/(-10) + (-2)/5. Calculate v(j).
-5
Let h(b) = 4*b - 31. Let c be 2 + (-76)/(-18) - (-46)/(-207). Give h(c).
-7
Let w(g) = g**2 - 6*g - 5. Let b be w(6). Let u = -20 + 71. Let k(i) = -i**2 - 1 + u*i - 56*i - 1. What is k(b)?
-2
Let w(l) = -l**2 - 5*l + 25. Let r be w(-7). Let p(g) = g**3 - 14*g**2 + 34*g - 14. Let j be p(r). Let f(k) = -2 + 1 + 2 - 2 - 3*k. Give f(j).
8
Let c = 50 + -43. Let z(m) = 3*m**2 - 5*m + 6. Let t(r) = -7*r**2 + 8*r - 12. Let f(h) = 2*t(h) + 5*z(h). Give f(c).
-8
Let m(r) = 3*r**2 + 135*r - 6. Suppose -3*g - 5*h = 160, -3*h = 3*g + 202 - 52. Calculate m(g).
-6
Let v(f) = 60*f - 12. Let k = -13099 - -13098. What is v(k)?
-72
Let a be 4/(-16) + 0 + ((-246)/(-24))/1. Let m(k) = -5*k + 43. Give m(a).
-7
Let x(w) be the third derivative of 59*w**2 - 17/6*w**3 + 1/24*w**4 + 0 + 0*w - 1/60*w**5. Calculate x(0).
-17
Let r(k) = 502*k + 1488. Let j be r(-3). Let v(a) = -a**2 - 21*a - 11. Give v(j).
43
Let t(i) be the first derivative of -i**2/2 + 5*i - 636. Give t(3).
2
Let z(j) = -2*j**2 - 8*j + 5. Suppose 4*d - 4*h = 4, -d - 2*h = -6 - 10. Suppose 0 = -d*i - 18 - 18. Determine z(i).
-19
Let q(n) = -916*n**2 + 5*n + 50. Let j(b) = -147*b**2 + b + 8. Let g(r) = -13*j(r) + 2*q(r). What is g(-1)?
78
Let h be 6*(((-15)/6)/1 + 3). Let q(u) = -2*u**3 + 7*u**2. Let y be q(h). Let x(l) = -l**3 + 10*l**2 - 9*l - 8. Give x(y).
-8
Suppose 24 = 2*g - 0*g. Let o(w) = -3*w**2 + 7*w - 8. Let b be o(2). Let q be g/18 - (-28)/b. Let r(m) = -m**2 - 2*m. Give r(q).
-8
Let p be (-174)/261*(36/(-8))/(-1). Let m = 4 + -2. Let r(o) = o - m*o + 2*o + 2. Give r(p).
-1
Let r = -183 - -185. Let q(y) = -25*y**2 - 30*y**2 + 86*y**r - 32*y**2. Give q(-2).
-4
Let s(l) = -3*l**2 + 4*l**2 - 4*l - 4 - 2. Suppose 3*a = c - 8, -980*a - 21 = -5*c - 984*a. Calculate s(c).
-1
Let o(f) be the third derivative of -f**4/8 + 4*f**3/3 + 919*f**2 - 2. What is o(2)?
2
Let n(y) = -6*y + 6. Let o(b) = 2*b + 1. Let v be 54/24 - (-2 + 18/8). Let f(r) = v*o(r) + n(r). Calculate f(-7).
22
Let d(f) = -f**3 - 5*f**2 + 0*f - 5*f + 3*f. Suppose -18547 = 50*n + 13703. Let x = n - -642. What is d(x)?
-12
Suppose -5*w = 5, -29*t - 3*w - 38 = -24*t. Let q be -9 - (-6 - t)*-7. Let y(u) = -3*u**2 - 5*u - 5. Give y(q).
-7
Suppose -2*x + w + 18 = -3*w, x + 4*w = -9. Let d(i) = 2*i**3 + 2*i**2 - 2*i - 7. Give d(x).
59
Let s = -85913 + 85911. Let c(o) = 5*o + 3. Let u(h) = -5*h - 4. Let w(t) = 3*c(t) + 2*u(t). Give w(s).
-9
Let l(n) = 56384*n - 56386*n + 0*n**2 + 4*n**2 - n**2 - 4. Let r be 0 + 1 - (-2)/7*7. Calculate l(r).
17
Suppose -55 - 221 = -6*h. Suppose 12 = 6*l - 3*l, 2*q - l - h = 0. Let s(o) = 11 - 2 - 26*o + q*o + 0. Calculate s(5).
4
Let z(y) = -114*y**2 + y. Suppose 3 = 11*h - 2 - 6. What is z(h)?
-113
Suppose i - 2 = 2. Let v be (-2)/i - 1/2. Let m(u) = -26*u + 15. Let y(q) = 69*q - 40. Let k(r) = 40*m(r) + 15*y(r). Give k(v).
5
Suppose 19*f + 144 = 21*f + 2*r, -2*r = 4*f - 280. Let b = f - 71. Let c(w) = -w**3 - 2*w**2 + 1. Calculate c(b).
10
Suppose 0 = 6*a - 5*a. Let z = a + -1. Let q(p) = 14*p**3 + 16*p**2 + 640*p + 9. Let m(l) = -l**3 + 2*l**2 + 80*l + 1. Let o(y) = 8*m(y) - q(y). Give o(z).
21
Let p(c) = 8*c - 2. Suppose 2*b - 4 = -0*w - 4*w, -2*w = -3*b - 18. Let n(k) = -k**2 + 10*k - 3. Let v(g) = w*n(g) - 4*p(g). What is v(-1)?
-2
Let m be (-1 - -1) + (-126 - 2). Let l be -1 - (3/2)/((-48)/m). Let y(z) = -5*z**2 - z. Let r(x) = 3*x**2 + x. Let k(j) = -7*r(j) - 4*y(j). What is k(l)?
-10
Let p(y) = 78*y + 103. Let d(h) = -62*h - 101. Let m(x) = -5*d(x) - 4*p(x). What is m(35)?
23
Let m(x) be the second derivative of x**5/60 + x**4/24 + 2*x**3/3 - 35*x**2/2 + 45*x. Let v(r) be the first derivative of m(r). Give v(0).
4
Let w = 42 - 39. Let m(r) = 2*r + w - 3*r**2 + r**2 - 5*r. Suppose 15 = p + 19. What is m(p)?
-17
Let o = 5256 - 5256. Let t = -3 - -5. Let z(a) = 3*a**t + a**3 + 2*a**2 - 4*a**2 + 2. Give z(o).
2
Suppose 361*d + 477*d - 135*d + 2571 + 4459 = 0. Let f(p) = -p**2 - 6*p + 2 + 2 + 1. Determine f(d).
-35
Let k(r) = 33*r + 2. Let i(m) = 50*m + 1. Let v(l) = 7*i(l) - 6*k(l). What is v(-1)?
-157
Let y(k) = 47*k - 10*k - 21*k - 16*k - 78 - 26*k. Give y(-3).
0
Let r(a) be the first derivative of -5*a**2/2 + a - 20690. Suppose -4 = -n + 2*d, -4*d + 6 + 0 = 5*n. Determine r(n).
-9
Suppose 6*o + 2 = 32. Let f = o - 3. Let k(x) = -57 + 5*x**2 + f*x**3 - 2*x**3 + 60 + x**3 + 4*x. What is k(-5)?
-17
Let k(m) = 64*m - 303. Let x be k(5). Let a(c) = 7*c - 119. Let d be a(x). Let g(t) = -t**2 + 2*t - 7. Calculate g(d).
-7
Let m(v) = 119*v + 7. Let a(l) = 320*l + 21. Let x(f) = 3*a(f) - 8*m(f). Suppose -2*h = 3*h + 2*u + 33, 5*u + 20 = 0. Calculate x(h).
-33
Let u(a) = a**3 - 7*a**2 + 5*a. Suppose 4*m + 12 = -2*m. Let f be m + 3 - (22 + 1). Let o = f - -28. What is u(o)?
-6
Let m = 14 + -12. Let t(l) = 6*l - 4*l + m - l. Suppose 10*s + 10 = -20. Determine t(s).
-1
Let y(b) = b**3 - 8*b**2 - 21*b + 21. Let j be y(10). Let z(i) = -21*i**2 - 15*i + 19. Let g(o) = 4*o**2 + 3*o - 4. Let r(t) = j*g(t) + 2*z(t). Give r(-5).
29
Let o(w) = 6*w - 5. Let j be ((-15)/(-30))/(2*(-2)/(-24)). Suppose -2*h - 2 = -0*a - 2*a, -2*a = -j*h - 1. Let i be -5 + (1 - (a - 4)) - -6. What is o(i)?
19
Let f be ((-79)/2 + -2)/(1/(-2)). Let h = f - 81. Let u(z) be the first derivative of -2*z**2 - z - 21. Determine u(h).
-9
Let v(p) be the third derivative of p**6/60 - p**5/60 + p**4/24 + 10*p**3/3 - 327*p**2. What is v(0)?
20
Suppose -77*v + 68 + 156 = -105*v. Let r(b) = b**3 + 6*b**2 - 17*b + 2. What is r(v)?
10
Let k(z) = -3*z**2 - 63*z + 13. Let t be (-1936)/(-396)*18/(-4). Calculate k(t).
-53
Suppose -1 = 5*x + 4. Let h(d) = d**2 + 4*d + 3. Let w(c) = -c**2 - c. Let o(u) = x*w(u) + h(u). Let l = 19970 - 19973. Calculate o(l).
6
Let u(m) = 2*m**3 - 60*m**2 + 55*m + 87. Let a be u(29). Suppose a = 3*d - 13*d + 10. Let i(y) = -2*y + 3*y - 4*y. Determine i(d).
-3
Let n(u) be the first derivative of u**6/60 + u**5/30 - u**4/24 - u**3/3 - 14*u**2 - u - 56. Let h(y) be the second derivative of n(y). Calculate h(-2).
-8
Let x(b) = 4*b**2 + 6*b + 14. Let a(c) = 5*c**2 + 6*c + 15. Let z(n) = -5*a(n) + 6*x(n). Let l be z(6). Let k(w) = -6 - l + 5 - 3 - w. Determine k(0).
-13
Let k(v) = 2*v**2 + 134 - 150 - 11*v + v**2 + 2*v**2. Let y(c) = c**2 - 3*c - 4. Let q(m) = 2*k(m) - 9*y(m). What is q(-3)?
-2
Let o(l) = 2*l**2 - 2*l - 1558. Let w be o(-27). Let r(n) = -2*n**3 - 91*n**2 + 47*n + 50. Determine r(w).
4
Let b(t) = -14*t - 15*t + 13 + 32*t. Let p be b(10). Let r(o) = -2 + p*o - 81*o + 37*o. What is r(-2)?
0
Let f(c) = -2*c**2 - 2*c - 1. Suppose -3*u = y + 25 - 42, -4*u = 2*y - 26. Suppose -6*h - 2 = -u*h. Give f(h).
-1
Let o be -2*15/18*-1*3. Suppose 0 = 4*g + o + 19. Let s(b) = 58*b**3 + 9*b - 5 - 57*b**3 + 7*b**2 - 3*b. Calculate s(g).
-5
Let p(g) be the second derivative of 3*g**3/2 + 9*g**2/2 - 424*g. Determine p(-1).
0
Let f(i) = -2*i**2 - 31*i + 69. Let y be f(-17). Let t(j) = -j + 50 - y - 37. What is t(-6)?
1
Let y(p) = -118*p + 3. Let u = -16749 + 16750. Give y(u).
-115
Let s(d) be the first derivative of d**4/4 - 7*d**3/3 + d**2/2 + 14*d + 228. Give s(7).
21
Let x be 1 + ((-2)/(-4))/(